{"id":12901,"date":"2019-09-04T09:35:21","date_gmt":"2019-09-04T07:35:21","guid":{"rendered":"https:\/\/webaram.com\/biblio\/livre\/lextermination-des-chretiens-dorient-2"},"modified":"2019-09-04T09:35:21","modified_gmt":"2019-09-04T07:35:21","slug":"lextermination-des-chretiens-dorient-2","status":"publish","type":"livre","link":"https:\/\/webaram.com\/en\/biblio\/livre\/lextermination-des-chretiens-dorient-2","title":{"rendered":"L&#8217;extermination des Chr\u00e9tiens d&#8217;Orient"},"content":{"rendered":"<p>Faits, documents et t\u00e9moignages de responsables militaires, politiques et religieux anglais et am\u00e9ricains. 126 pages. Publi\u00e9 \u00e0 Paris en 1922.<\/p>\n","protected":false},"featured_media":12902,"template":"","auteur-biblio":[],"langues-biblio":[4],"tag-biblio":[3960,1565],"type-de-travail":[1981,2024,1989],"class_list":["post-12901","livre","type-livre","status-publish","has-post-thumbnail","hentry","langues-biblio-francais","tag-biblio-chretiens-dorient","tag-biblio-persecutions","type-de-travail-histoire","type-de-travail-recueil","type-de-travail-temoignage"],"_links":{"self":[{"href":"https:\/\/webaram.com\/en\/wp-json\/wp\/v2\/livre\/12901","targetHints":{"allow":["GET"]}}],"collection":[{"href":"https:\/\/webaram.com\/en\/wp-json\/wp\/v2\/livre"}],"about":[{"href":"https:\/\/webaram.com\/en\/wp-json\/wp\/v2\/types\/livre"}],"wp:featuredmedia":[{"embeddable":true,"href":"https:\/\/webaram.com\/en\/wp-json\/wp\/v2\/media\/12902"}],"wp:attachment":[{"href":"https:\/\/webaram.com\/en\/wp-json\/wp\/v2\/media?parent=12901"}],"wp:term":[{"taxonomy":"auteur-biblio","embeddable":true,"href":"https:\/\/webaram.com\/en\/wp-json\/wp\/v2\/auteur-biblio?post=12901"},{"taxonomy":"langues-biblio","embeddable":true,"href":"https:\/\/webaram.com\/en\/wp-json\/wp\/v2\/langues-biblio?post=12901"},{"taxonomy":"tag-biblio","embeddable":true,"href":"https:\/\/webaram.com\/en\/wp-json\/wp\/v2\/tag-biblio?post=12901"},{"taxonomy":"type-de-travail","embeddable":true,"href":"https:\/\/webaram.com\/en\/wp-json\/wp\/v2\/type-de-travail?post=12901"}],"curies":[{"name":"wp","href":"https:\/\/api.w.org\/{rel}","templated":true}]}}

L&#8217;extermination des Chrétiens d&#8217;Orient

<p>Faits, documents et témoignages de responsables militaires, politiques et religieux anglais et américains. 126 pages. Publié à Paris en 1922.</p>
