{"id":14130,"date":"2019-09-08T17:58:04","date_gmt":"2019-09-08T15:58:04","guid":{"rendered":"https:\/\/webaram.com\/biblio\/livre\/les-armeniens-et-la-reforme-de-la-turquie"},"modified":"2019-09-08T17:58:04","modified_gmt":"2019-09-08T15:58:04","slug":"les-armeniens-et-la-reforme-de-la-turquie","status":"publish","type":"livre","link":"https:\/\/webaram.com\/en\/biblio\/livre\/les-armeniens-et-la-reforme-de-la-turquie","title":{"rendered":"Les Arm\u00e9niens et la r\u00e9forme de la Turquie"},"content":{"rendered":"<p>Conf\u00e9rence faite par Albert Vandal le 2 f\u00e9vrier 1897.<br \/>\nPublication par les \u00e9ditions Plon \u00e0 Paris en 1897. 55 pages.<\/p>\n","protected":false},"featured_media":14131,"template":"","auteur-biblio":[4246],"langues-biblio":[4],"tag-biblio":[1261,386,1346,1262],"type-de-travail":[2004],"class_list":["post-14130","livre","type-livre","status-publish","has-post-thumbnail","hentry","auteur-biblio-albert-vandal","langues-biblio-francais","tag-biblio-abdul-hamid","tag-biblio-empire-ottoman","tag-biblio-reformes","tag-biblio-turquie","type-de-travail-conferences"],"_links":{"self":[{"href":"https:\/\/webaram.com\/en\/wp-json\/wp\/v2\/livre\/14130","targetHints":{"allow":["GET"]}}],"collection":[{"href":"https:\/\/webaram.com\/en\/wp-json\/wp\/v2\/livre"}],"about":[{"href":"https:\/\/webaram.com\/en\/wp-json\/wp\/v2\/types\/livre"}],"wp:featuredmedia":[{"embeddable":true,"href":"https:\/\/webaram.com\/en\/wp-json\/wp\/v2\/media\/14131"}],"wp:attachment":[{"href":"https:\/\/webaram.com\/en\/wp-json\/wp\/v2\/media?parent=14130"}],"wp:term":[{"taxonomy":"auteur-biblio","embeddable":true,"href":"https:\/\/webaram.com\/en\/wp-json\/wp\/v2\/auteur-biblio?post=14130"},{"taxonomy":"langues-biblio","embeddable":true,"href":"https:\/\/webaram.com\/en\/wp-json\/wp\/v2\/langues-biblio?post=14130"},{"taxonomy":"tag-biblio","embeddable":true,"href":"https:\/\/webaram.com\/en\/wp-json\/wp\/v2\/tag-biblio?post=14130"},{"taxonomy":"type-de-travail","embeddable":true,"href":"https:\/\/webaram.com\/en\/wp-json\/wp\/v2\/type-de-travail?post=14130"}],"curies":[{"name":"wp","href":"https:\/\/api.w.org\/{rel}","templated":true}]}}

Les Arméniens et la réforme de la Turquie

<p>Conférence faite par Albert Vandal le 2 février 1897.<br />
Publication par les éditions Plon à Paris en 1897. 55 pages.</p>
