{"id":13146,"date":"2019-09-05T17:37:49","date_gmt":"2019-09-05T15:37:49","guid":{"rendered":"https:\/\/webaram.com\/biblio\/livre\/la-voix-de-larmenie-2"},"modified":"2019-09-05T17:37:49","modified_gmt":"2019-09-05T15:37:49","slug":"la-voix-de-larmenie-2","status":"publish","type":"livre","link":"https:\/\/webaram.com\/es\/biblio\/livre\/la-voix-de-larmenie-2","title":{"rendered":"La voix de l&#8217;Arm\u00e9nie"},"content":{"rendered":"<p>11 \u00e8me num\u00e9ro de la Voix de l&#8217;Arm\u00e9nie publi\u00e9 le 1er juin 1918 \u00e0 Paris<\/p>\n","protected":false},"featured_media":13147,"template":"","auteur-biblio":[4034,4033,3236],"langues-biblio":[4],"tag-biblio":[4014,386,631,214,2308,2753],"type-de-travail":[2536,3998],"class_list":["post-13146","livre","type-livre","status-publish","has-post-thumbnail","hentry","auteur-biblio-jean-aicard","auteur-biblio-paul-desfeuilles","auteur-biblio-pinon-rene","langues-biblio-francais","tag-biblio-deportation-des-armeniens","tag-biblio-empire-ottoman","tag-biblio-exil","tag-biblio-genocide-armenien","tag-biblio-jeune-turquie","tag-biblio-perse","type-de-travail-article","type-de-travail-revue"],"_links":{"self":[{"href":"https:\/\/webaram.com\/es\/wp-json\/wp\/v2\/livre\/13146","targetHints":{"allow":["GET"]}}],"collection":[{"href":"https:\/\/webaram.com\/es\/wp-json\/wp\/v2\/livre"}],"about":[{"href":"https:\/\/webaram.com\/es\/wp-json\/wp\/v2\/types\/livre"}],"wp:featuredmedia":[{"embeddable":true,"href":"https:\/\/webaram.com\/es\/wp-json\/wp\/v2\/media\/13147"}],"wp:attachment":[{"href":"https:\/\/webaram.com\/es\/wp-json\/wp\/v2\/media?parent=13146"}],"wp:term":[{"taxonomy":"auteur-biblio","embeddable":true,"href":"https:\/\/webaram.com\/es\/wp-json\/wp\/v2\/auteur-biblio?post=13146"},{"taxonomy":"langues-biblio","embeddable":true,"href":"https:\/\/webaram.com\/es\/wp-json\/wp\/v2\/langues-biblio?post=13146"},{"taxonomy":"tag-biblio","embeddable":true,"href":"https:\/\/webaram.com\/es\/wp-json\/wp\/v2\/tag-biblio?post=13146"},{"taxonomy":"type-de-travail","embeddable":true,"href":"https:\/\/webaram.com\/es\/wp-json\/wp\/v2\/type-de-travail?post=13146"}],"curies":[{"name":"wp","href":"https:\/\/api.w.org\/{rel}","templated":true}]}}

La voix de l&#8217;Arménie

<p>11 ème numéro de la Voix de l&#8217;Arménie publié le 1er juin 1918 à Paris</p>
