{"id":13962,"date":"2019-09-07T18:56:26","date_gmt":"2019-09-07T16:56:26","guid":{"rendered":"https:\/\/webaram.com\/biblio\/livre\/pour-mieux-connaitre-les-armeniens-du-liban-et-de-la-syrie"},"modified":"2019-09-07T18:56:26","modified_gmt":"2019-09-07T16:56:26","slug":"pour-mieux-connaitre-les-armeniens-du-liban-et-de-la-syrie","status":"publish","type":"livre","link":"https:\/\/webaram.com\/es\/biblio\/livre\/pour-mieux-connaitre-les-armeniens-du-liban-et-de-la-syrie","title":{"rendered":"Pour mieux conna\u00eetre les Arm\u00e9niens du Liban et de la Syrie"},"content":{"rendered":"<p>Les principales parties de cet ouvrage ont \u00e9t\u00e9 publi\u00e9es par le grand quotidien fran\u00e7ais \u00abLa Syrie\u00bb en 1929<br \/>\nBeyrouth. 1931. 68 pages<\/p>\n","protected":false},"featured_media":13963,"template":"","auteur-biblio":[4207],"langues-biblio":[4],"tag-biblio":[2349,227,4174,1849,163],"type-de-travail":[1990,2024],"class_list":["post-13962","livre","type-livre","status-publish","has-post-thumbnail","hentry","auteur-biblio-v-v-ancien-president-du-conseil-de-la-communaute-armenienne-du-liban","langues-biblio-francais","tag-biblio-beyrouth","tag-biblio-cilicie","tag-biblio-diaspora-armenienne","tag-biblio-liban","tag-biblio-syrie","type-de-travail-recit","type-de-travail-recueil"],"_links":{"self":[{"href":"https:\/\/webaram.com\/es\/wp-json\/wp\/v2\/livre\/13962","targetHints":{"allow":["GET"]}}],"collection":[{"href":"https:\/\/webaram.com\/es\/wp-json\/wp\/v2\/livre"}],"about":[{"href":"https:\/\/webaram.com\/es\/wp-json\/wp\/v2\/types\/livre"}],"wp:featuredmedia":[{"embeddable":true,"href":"https:\/\/webaram.com\/es\/wp-json\/wp\/v2\/media\/13963"}],"wp:attachment":[{"href":"https:\/\/webaram.com\/es\/wp-json\/wp\/v2\/media?parent=13962"}],"wp:term":[{"taxonomy":"auteur-biblio","embeddable":true,"href":"https:\/\/webaram.com\/es\/wp-json\/wp\/v2\/auteur-biblio?post=13962"},{"taxonomy":"langues-biblio","embeddable":true,"href":"https:\/\/webaram.com\/es\/wp-json\/wp\/v2\/langues-biblio?post=13962"},{"taxonomy":"tag-biblio","embeddable":true,"href":"https:\/\/webaram.com\/es\/wp-json\/wp\/v2\/tag-biblio?post=13962"},{"taxonomy":"type-de-travail","embeddable":true,"href":"https:\/\/webaram.com\/es\/wp-json\/wp\/v2\/type-de-travail?post=13962"}],"curies":[{"name":"wp","href":"https:\/\/api.w.org\/{rel}","templated":true}]}}

Pour mieux connaître les Arméniens du Liban et de la Syrie

<p>Les principales parties de cet ouvrage ont été publiées par le grand quotidien français «La Syrie» en 1929<br />
Beyrouth. 1931. 68 pages</p>
