{"id":742,"date":"2016-12-06T15:12:13","date_gmt":"2016-12-06T14:12:13","guid":{"rendered":"https:\/\/webaram.com\/livre\/histoire-secrete-du-terrorisme\/"},"modified":"2017-06-02T05:31:57","modified_gmt":"2017-06-02T03:31:57","slug":"histoire-secrete-du-terrorisme","status":"publish","type":"livre","link":"https:\/\/webaram.com\/es\/biblio\/livre\/histoire-secrete-du-terrorisme","title":{"rendered":"Histoire secr\u00e8te du Terrorisme"},"content":{"rendered":"<p>Toute l&#8217;ann\u00e9e 1986 a \u00e9t\u00e9 marqu\u00e9e en France par un r\u00e9veil brutal et sanglant du terrorisme. Cette relance des attentats aveugles qui frappent des innocents a surpris le gouvernement de Jacques Chirac, comme les \u00abaffaires\u00bb de la rue Marbeuf et de la rue des Rosiers avaient, en 1982, d\u00e9contenanc\u00e9 le Pr\u00e9sident Fran\u00e7ois Mitterrand. Au coeur de ces derni\u00e8res attaques, et au coeur de l&#8217;actualit\u00e9 judiciaire, un homme, un Libanais, Georges Ibrahim Abdallah. Ce fils de la terreur arabo-islamique \u2013 bien que chr\u00e9tien \u2013 op\u00e9rait dans notre pays depuis 1981 ! Et d\u00e9j\u00e0 en liaison avec d&#8217;autres organisations terroristes (fran\u00e7aises, palestiniennes, syriennes, arm\u00e9niennes.). Ce n&#8217;est que l&#8217;une des nombreuses r\u00e9v\u00e9lations de ce livre qui permettra \u00e0 chaque lecteur de poss\u00e9der tous les \u00e9l\u00e9ments d&#8217;appr\u00e9ciation sur les terrorismes.<\/p>\n","protected":false},"featured_media":5718,"template":"","auteur-biblio":[3386,3385],"langues-biblio":[4],"tag-biblio":[372],"type-de-travail":[1981],"class_list":["post-742","livre","type-livre","status-publish","has-post-thumbnail","hentry","auteur-biblio-peret-jean-pierre","auteur-biblio-villeneuve-charles","langues-biblio-francais","tag-biblio-terrorisme","type-de-travail-histoire"],"_links":{"self":[{"href":"https:\/\/webaram.com\/es\/wp-json\/wp\/v2\/livre\/742","targetHints":{"allow":["GET"]}}],"collection":[{"href":"https:\/\/webaram.com\/es\/wp-json\/wp\/v2\/livre"}],"about":[{"href":"https:\/\/webaram.com\/es\/wp-json\/wp\/v2\/types\/livre"}],"wp:featuredmedia":[{"embeddable":true,"href":"https:\/\/webaram.com\/es\/wp-json\/wp\/v2\/media\/5718"}],"wp:attachment":[{"href":"https:\/\/webaram.com\/es\/wp-json\/wp\/v2\/media?parent=742"}],"wp:term":[{"taxonomy":"auteur-biblio","embeddable":true,"href":"https:\/\/webaram.com\/es\/wp-json\/wp\/v2\/auteur-biblio?post=742"},{"taxonomy":"langues-biblio","embeddable":true,"href":"https:\/\/webaram.com\/es\/wp-json\/wp\/v2\/langues-biblio?post=742"},{"taxonomy":"tag-biblio","embeddable":true,"href":"https:\/\/webaram.com\/es\/wp-json\/wp\/v2\/tag-biblio?post=742"},{"taxonomy":"type-de-travail","embeddable":true,"href":"https:\/\/webaram.com\/es\/wp-json\/wp\/v2\/type-de-travail?post=742"}],"curies":[{"name":"wp","href":"https:\/\/api.w.org\/{rel}","templated":true}]}}

Histoire secrète du Terrorisme

<p>Toute l&#8217;année 1986 a été marquée en France par un réveil brutal et sanglant du terrorisme. Cette relance des attentats aveugles qui frappent des innocents a surpris le gouvernement de Jacques Chirac, comme les «affaires» de la rue Marbeuf et de la rue des Rosiers avaient, en 1982, décontenancé le Président François Mitterrand. Au coeur de ces dernières attaques, et au coeur de l&#8217;actualité judiciaire, un homme, un Libanais, Georges Ibrahim Abdallah. Ce fils de la terreur arabo-islamique – bien que chrétien – opérait dans notre pays depuis 1981 ! Et déjà en liaison avec d&#8217;autres organisations terroristes (françaises, palestiniennes, syriennes, arméniennes.). Ce n&#8217;est que l&#8217;une des nombreuses révélations de ce livre qui permettra à chaque lecteur de posséder tous les éléments d&#8217;appréciation sur les terrorismes.</p>
