{"id":927,"date":"2016-12-06T15:12:26","date_gmt":"2016-12-06T14:12:26","guid":{"rendered":"https:\/\/webaram.com\/livre\/arara-ararayi-inkerort-daretartsin\/"},"modified":"2023-08-28T21:53:58","modified_gmt":"2023-08-28T19:53:58","slug":"arara-ararayi-inkerort-daretartsin","status":"publish","type":"livre","link":"https:\/\/webaram.com\/es\/biblio\/livre\/arara-ararayi-inkerort-daretartsin","title":{"rendered":"ARARA &#8211; Ararayi Inkerort Dar\u00e9tartsin"},"content":{"rendered":"<p>Publication en hommage aux combattants de la L\u00e9gion de Volontaires Arm\u00e9nienne engag\u00e9s dans les forces Fran\u00e7aises sur le front de Palestine, et qui prirent part \u00e0 la bataille d&#8217;Arara.<\/p>\n","protected":false},"featured_media":4223,"template":"","auteur-biblio":[3523],"langues-biblio":[6],"tag-biblio":[1871,1870,1749],"type-de-travail":[1989],"class_list":["post-927","livre","type-livre","status-publish","has-post-thumbnail","hentry","auteur-biblio-union-de-la-legion-armenienne","langues-biblio-armenien","tag-biblio-14-18","tag-biblio-1870","tag-biblio-volontaires-armeniens","type-de-travail-temoignage"],"_links":{"self":[{"href":"https:\/\/webaram.com\/es\/wp-json\/wp\/v2\/livre\/927","targetHints":{"allow":["GET"]}}],"collection":[{"href":"https:\/\/webaram.com\/es\/wp-json\/wp\/v2\/livre"}],"about":[{"href":"https:\/\/webaram.com\/es\/wp-json\/wp\/v2\/types\/livre"}],"wp:featuredmedia":[{"embeddable":true,"href":"https:\/\/webaram.com\/es\/wp-json\/wp\/v2\/media\/4223"}],"wp:attachment":[{"href":"https:\/\/webaram.com\/es\/wp-json\/wp\/v2\/media?parent=927"}],"wp:term":[{"taxonomy":"auteur-biblio","embeddable":true,"href":"https:\/\/webaram.com\/es\/wp-json\/wp\/v2\/auteur-biblio?post=927"},{"taxonomy":"langues-biblio","embeddable":true,"href":"https:\/\/webaram.com\/es\/wp-json\/wp\/v2\/langues-biblio?post=927"},{"taxonomy":"tag-biblio","embeddable":true,"href":"https:\/\/webaram.com\/es\/wp-json\/wp\/v2\/tag-biblio?post=927"},{"taxonomy":"type-de-travail","embeddable":true,"href":"https:\/\/webaram.com\/es\/wp-json\/wp\/v2\/type-de-travail?post=927"}],"curies":[{"name":"wp","href":"https:\/\/api.w.org\/{rel}","templated":true}]}}

ARARA &#8211; Ararayi Inkerort Darétartsin

<p>Publication en hommage aux combattants de la Légion de Volontaires Arménienne engagés dans les forces Françaises sur le front de Palestine, et qui prirent part à la bataille d&#8217;Arara.</p>
