{"id":13332,"date":"2019-09-05T21:16:20","date_gmt":"2019-09-05T19:16:20","guid":{"rendered":"https:\/\/webaram.com\/biblio\/livre\/le-cri-de-larmenie"},"modified":"2019-09-05T21:16:20","modified_gmt":"2019-09-05T19:16:20","slug":"le-cri-de-larmenie","status":"publish","type":"livre","link":"https:\/\/webaram.com\/hy\/biblio\/livre\/le-cri-de-larmenie","title":{"rendered":"Le cri de l&#8217;Arm\u00e9nie"},"content":{"rendered":"<p>Aper\u00e7u g\u00e9n\u00e9ral sur la question Arm\u00e9nienne. Publication \u00e0 Lausanne en 1896. 80 pages<\/p>\n","protected":false},"featured_media":13333,"template":"","auteur-biblio":[4070],"langues-biblio":[4],"tag-biblio":[4068,168,2270,2378,287,4066,4069,194,1500,634,4067,261],"type-de-travail":[1981,2024],"class_list":["post-13332","livre","type-livre","status-publish","has-post-thumbnail","hentry","auteur-biblio-g-thoumaian","langues-biblio-francais","tag-biblio-adyaman","tag-biblio-alep","tag-biblio-amassia","tag-biblio-cesaree","tag-biblio-histoire","tag-biblio-marach","tag-biblio-marsovan","tag-biblio-massacres","tag-biblio-ourfa","tag-biblio-participation-kurde","tag-biblio-severek","tag-biblio-temoignages","type-de-travail-histoire","type-de-travail-recueil"],"_links":{"self":[{"href":"https:\/\/webaram.com\/hy\/wp-json\/wp\/v2\/livre\/13332","targetHints":{"allow":["GET"]}}],"collection":[{"href":"https:\/\/webaram.com\/hy\/wp-json\/wp\/v2\/livre"}],"about":[{"href":"https:\/\/webaram.com\/hy\/wp-json\/wp\/v2\/types\/livre"}],"wp:featuredmedia":[{"embeddable":true,"href":"https:\/\/webaram.com\/hy\/wp-json\/wp\/v2\/media\/13333"}],"wp:attachment":[{"href":"https:\/\/webaram.com\/hy\/wp-json\/wp\/v2\/media?parent=13332"}],"wp:term":[{"taxonomy":"auteur-biblio","embeddable":true,"href":"https:\/\/webaram.com\/hy\/wp-json\/wp\/v2\/auteur-biblio?post=13332"},{"taxonomy":"langues-biblio","embeddable":true,"href":"https:\/\/webaram.com\/hy\/wp-json\/wp\/v2\/langues-biblio?post=13332"},{"taxonomy":"tag-biblio","embeddable":true,"href":"https:\/\/webaram.com\/hy\/wp-json\/wp\/v2\/tag-biblio?post=13332"},{"taxonomy":"type-de-travail","embeddable":true,"href":"https:\/\/webaram.com\/hy\/wp-json\/wp\/v2\/type-de-travail?post=13332"}],"curies":[{"name":"wp","href":"https:\/\/api.w.org\/{rel}","templated":true}]}}

Le cri de l&#8217;Arménie

<p>Aperçu général sur la question Arménienne. Publication à Lausanne en 1896. 80 pages</p>
