{"id":40,"date":"2016-12-06T11:44:50","date_gmt":"2016-12-06T10:44:50","guid":{"rendered":"https:\/\/webaram.com\/livre\/erevan\/"},"modified":"2017-05-23T14:31:37","modified_gmt":"2017-05-23T12:31:37","slug":"erevan","status":"publish","type":"livre","link":"https:\/\/webaram.com\/hy\/biblio\/livre\/erevan","title":{"rendered":"Erevan"},"content":{"rendered":"<p>De 1896 \u00e0 1921, ce roman historique en deux parties, commence et s&#8217;ach\u00e8ve par des consid\u00e9rations diplomatiques. Le fil du roman traduit les cons\u00e9quences tragiques pour les minorit\u00e9s, victimes des d\u00e9cisions des chancelleries.<\/p>\n","protected":false},"featured_media":4620,"template":"","auteur-biblio":[2859],"langues-biblio":[4],"tag-biblio":[211,208,207,212,213,209,206,205,210],"type-de-travail":[1980],"class_list":["post-40","livre","type-livre","status-publish","has-post-thumbnail","hentry","auteur-biblio-sinoue-gilbert","langues-biblio-francais","tag-biblio-bismarck","tag-biblio-diplomatie","tag-biblio-guerre","tag-biblio-jeunes-turcs","tag-biblio-loge","tag-biblio-morgenthau","tag-biblio-nouvelle","tag-biblio-roman","tag-biblio-talaat","type-de-travail-roman"],"_links":{"self":[{"href":"https:\/\/webaram.com\/hy\/wp-json\/wp\/v2\/livre\/40","targetHints":{"allow":["GET"]}}],"collection":[{"href":"https:\/\/webaram.com\/hy\/wp-json\/wp\/v2\/livre"}],"about":[{"href":"https:\/\/webaram.com\/hy\/wp-json\/wp\/v2\/types\/livre"}],"wp:featuredmedia":[{"embeddable":true,"href":"https:\/\/webaram.com\/hy\/wp-json\/wp\/v2\/media\/4620"}],"wp:attachment":[{"href":"https:\/\/webaram.com\/hy\/wp-json\/wp\/v2\/media?parent=40"}],"wp:term":[{"taxonomy":"auteur-biblio","embeddable":true,"href":"https:\/\/webaram.com\/hy\/wp-json\/wp\/v2\/auteur-biblio?post=40"},{"taxonomy":"langues-biblio","embeddable":true,"href":"https:\/\/webaram.com\/hy\/wp-json\/wp\/v2\/langues-biblio?post=40"},{"taxonomy":"tag-biblio","embeddable":true,"href":"https:\/\/webaram.com\/hy\/wp-json\/wp\/v2\/tag-biblio?post=40"},{"taxonomy":"type-de-travail","embeddable":true,"href":"https:\/\/webaram.com\/hy\/wp-json\/wp\/v2\/type-de-travail?post=40"}],"curies":[{"name":"wp","href":"https:\/\/api.w.org\/{rel}","templated":true}]}}

<p>De 1896 à 1921, ce roman historique en deux parties, commence et s&#8217;achève par des considérations diplomatiques. Le fil du roman traduit les conséquences tragiques pour les minorités, victimes des décisions des chancelleries.</p>
