{"id":632,"date":"2016-12-06T15:11:02","date_gmt":"2016-12-06T14:11:02","guid":{"rendered":"https:\/\/webaram.com\/livre\/un-aumonier-militaire-francais-temoin-du-drame-armenien\/"},"modified":"2017-05-23T14:30:18","modified_gmt":"2017-05-23T12:30:18","slug":"un-aumonier-militaire-francais-temoin-du-drame-armenien","status":"publish","type":"livre","link":"https:\/\/webaram.com\/hy\/biblio\/livre\/un-aumonier-militaire-francais-temoin-du-drame-armenien","title":{"rendered":"Un aumonier militaire fran\u00e7ais t\u00e9moin du drame arm\u00e9nien"},"content":{"rendered":"","protected":false},"featured_media":0,"template":"","auteur-biblio":[3315,2900],"langues-biblio":[4],"tag-biblio":[1504],"type-de-travail":[1981,1989],"class_list":["post-632","livre","type-livre","status-publish","hentry","auteur-biblio-boyer-raymond","auteur-biblio-ternon-yves","langues-biblio-francais","tag-biblio-carnets","type-de-travail-histoire","type-de-travail-temoignage"],"_links":{"self":[{"href":"https:\/\/webaram.com\/hy\/wp-json\/wp\/v2\/livre\/632","targetHints":{"allow":["GET"]}}],"collection":[{"href":"https:\/\/webaram.com\/hy\/wp-json\/wp\/v2\/livre"}],"about":[{"href":"https:\/\/webaram.com\/hy\/wp-json\/wp\/v2\/types\/livre"}],"wp:attachment":[{"href":"https:\/\/webaram.com\/hy\/wp-json\/wp\/v2\/media?parent=632"}],"wp:term":[{"taxonomy":"auteur-biblio","embeddable":true,"href":"https:\/\/webaram.com\/hy\/wp-json\/wp\/v2\/auteur-biblio?post=632"},{"taxonomy":"langues-biblio","embeddable":true,"href":"https:\/\/webaram.com\/hy\/wp-json\/wp\/v2\/langues-biblio?post=632"},{"taxonomy":"tag-biblio","embeddable":true,"href":"https:\/\/webaram.com\/hy\/wp-json\/wp\/v2\/tag-biblio?post=632"},{"taxonomy":"type-de-travail","embeddable":true,"href":"https:\/\/webaram.com\/hy\/wp-json\/wp\/v2\/type-de-travail?post=632"}],"curies":[{"name":"wp","href":"https:\/\/api.w.org\/{rel}","templated":true}]}}

Un aumonier militaire français témoin du drame arménien
